 units digit of 58523577?
7
What is the hundreds digit of 3328701085?
0
What is the millions digit of 5013597679?
3
What is the millions digit of 667801418?
7
What is the units digit of 102867710?
0
What is the tens digit of 153365521?
2
What is the thousands digit of 39366558?
6
What is the hundred millions digit of 303498401?
3
What is the hundred millions digit of 799611410?
7
What is the billions digit of 4736594153?
4
What is the thousands digit of 189010869?
0
What is the ten millions digit of 40540484?
4
What is the hundreds digit of 3561012?
0
What is the thousands digit of 29117597?
7
What is the thousands digit of 53640226?
0
What is the hundred millions digit of 4010991049?
0
What is the millions digit of 12990349?
2
What is the hundred thousands digit of 485535088?
5
What is the thousands digit of 546954259?
4
What is the units digit of 3598236?
6
What is the hundreds digit of 545037613?
6
What is the ten millions digit of 136611934?
3
What is the thousands digit of 98747417?
7
What is the millions digit of 1758201576?
8
What is the tens digit of 18050822?
2
What is the ten millions digit of 51527070?
5
What is the ten thousands digit of 1225790881?
9
What is the millions digit of 2984639?
2
What is the ten millions digit of 288606265?
8
What is the hundreds digit of 383343888?
8
What is the hundreds digit of 90642263?
2
What is the tens digit of 4597611768?
6
What is the millions digit of 526749514?
6
What is the ten millions digit of 322494587?
2
What is the ten thousands digit of 829848995?
4
What is the hundreds digit of 653995286?
2
What is the hundred millions digit of 352761193?
3
What is the millions digit of 250455214?
0
What is the hundreds digit of 126512823?
8
What is the ten millions digit of 3689568595?
8
What is the hundreds digit of 4595050005?
0
What is the ten thousands digit of 1194038?
9
What is the hundreds digit of 23905908?
9
What is the units digit of 791898392?
2
What is the units digit of 469233857?
7
What is the hundreds digit of 45541128?
1
What is the hundreds digit of 52078338?
3
What is the units digit of 44246893?
3
What is the units digit of 30728639?
9
What is the thousands digit of 63841018?
1
What is the ten millions digit of 35141815?
3
What is the tens digit of 124632671?
7
What is the thousands digit of 53484418?
4
What is the hundred thousands digit of 1340079478?
0
What is the units digit of 38584120?
0
What is the tens digit of 1268978245?
4
What is the millions digit of 56726039?
6
What is the hundreds digit of 166894026?
0
What is the thousands digit of 5875064197?
4
What is the ten thousands digit of 657300138?
0
What is the hundreds digit of 88243308?
3
What is the hundred millions digit of 1807933002?
8
What is the millions digit of 527568391?
7
What is the units digit of 119028516?
6
What is the millions digit of 18551707?
8
What is the millions digit of 88888618?
8
What is the hundreds digit of 452650873?
8
What is the tens digit of 203361308?
0
What is the hundreds digit of 16232138?
1
What is the units digit of 69199518?
8
What is the tens digit of 21849614?
1
What is the tens digit of 100801772?
7
What is the tens digit of 783202871?
7
What is the billions digit of 5405239253?
5
What is the units digit of 173365932?
2
What is the hundreds digit of 1075655994?
9
What is the ten thousands digit of 9103438969?
3
What is the hundreds digit of 58361150?
1
What is the tens digit of 301340661?
6
What is the ten thousands digit of 305474380?
7
What is the thousands digit of 3013484175?
4
What is the hundred millions digit of 799462399?
7
What is the ten thousands digit of 539611574?
1
What is the millions digit of 43705264?
3
What is the thousands digit of 1038268426?
8
What is the hundreds digit of 283029400?
4
What is the tens digit of 1190932038?
3
What is the millions digit of 768950845?
8
What is the thousands digit of 5821759?
1
What is the hundred millions digit of 613497547?
6
What is the hundreds digit of 2159099359?
3
What is the units digit of 444419366?
6
What is the billions digit of 5208681486?
5
What is the units digit of 232218657?
7
What is the tens digit of 62379849?
4
What is the ten millions digit of 172016328?
7
What is the ten millions digit of 1523280476?
2
What is the hundred thousands digit of 529814238?
8
What is the units digit of 3144772684?
4
What is the hundreds digit of 144769252?
2
What is the hundred thousands digit of 253695226?
6
What is the tens digit of 1681857824?
2
What is the hundred thousands digit of 53037582?
0
What is the millions digit of 80331729?
0
What is the hundred millions digit of 520327435?
5
What is the millions digit of 45577193?
5
What is the units digit of 69252160?
0
What is the hundreds digit of 425073518?
5
What is the units digit of 384419432?
2
What is the hundreds digit of 399038749?
7
What is the hundreds digit of 82688694?
6
What is the ten thousands digit of 950903693?
0
What is the hundreds digit of 127102948?
9
What is the hundred thousands digit of 225313788?
3
What is the thousands digit of 305421849?
1
What is the ten millions digit of 541556750?
4
What is the millions digit of 99140771?
9
What is the hundred thousands digit of 297789627?
7
What is the millions digit of 49816713?
9
What is the thousands digit of 38636330?
6
What is the millions digit of 47558638?
7
What is the hundred millions digit of 372657831?
3
What is the millions digit of 11393076?
1
What is the millions digit of 218290662?
8
What is the tens digit of 1214974265?
6
What is the thousands digit of 18036375?
6
What is the millions digit of 2769995579?
9
What is the ten millions digit of 100871051?
0
What is the hundred millions digit of 1650076520?
6
What is the tens digit of 74055571?
7
What is the billions digit of 4359462399?
4
What is the hundred thousands digit of 13458076?
4
What is the hundred thousands digit of 10191520?
1
What is the millions digit of 981348127?
1
What is the tens digit of 785938474?
7
What is the millions digit of 92011934?
2
What is the units digit of 6115799769?
9
What is the thousands digit of 1121960844?
0
What is the ten millions digit of 358962793?
5
What is the millions digit of 8034585996?
4
What is the hundred thousands digit of 459760167?
7
What is the tens digit of 1249499690?
9
What is the tens digit of 932629685?
8
What is the hundred thousands digit of 151568098?
5
What is the billions digit of 3075687932?
3
What is the thousands digit of 2752632308?
2
What is the units digit of 1508872?
2
What is the hundred millions digit of 276476259?
2
What is the millions digit of 444098524?
4
What is the hundreds digit of 103534207?
2
What is the hundreds digit of 60042482?
4
What is the hundred millions digit of 4939797831?
9
What is the ten millions digit of 21830410?
2
What is the billions digit of 7895222364?
7
What is the hundred millions digit of 1505859106?
5
What is the ten thousands digit of 496014099?
1
What is the ten thousands digit of 6720713?
2
What is the tens digit of 28526402?
0
What is the thousands digit of 55408774?
8
What is the hundreds digit of 49152579?
5
What is the thousands digit of 111233249?
3
What is the ten thousands digit of 270926817?
2
What is the hundred thousands digit of 339971788?
9
What is the hundreds digit of 711860804?
8
What is the millions digit of 452014162?
2
What is the hundred millions digit of 1613088559?
6
What is the millions digit of 45414853?
5
What is the ten thousands digit of 112685827?
8
What is the thousands digit of 122302285?
2
What is the millions digit of 360884398?
0
What is the hundred millions digit of 1228060703?
2
What is the ten thousands digit of 1605839208?
3
What is the tens digit of 69445407?
0
What is the hundreds digit of 223556336?
3
What is the tens digit of 723978856?
5
What is the ten thousands digit of 78240746?
4
What is the hundred thousands digit of 7682612192?
6
What is the ten millions digit of 3471806181?
7
What is the thousands digit of 60939956?
9
What is the ten thousands digit of 30075823?
7
What is the billions digit of 4023268499?
4
What is the hundred thousands digit of 979998798?
9
What is the tens digit of 1079717575?
7
What is the hundred millions digit of 158176190?
1
What is the units digit of 3566982?
2
What is the hun